vided by 26.
18
Calculate the remainder when 1861 is divided by 602.
55
What is the remainder when 6193 is divided by 78?
31
What is the remainder when 77 is divided by 21?
14
Calculate the remainder when 63 is divided by 34.
29
What is the remainder when 242 is divided by 72?
26
Calculate the remainder when 942 is divided by 60.
42
Calculate the remainder when 19 is divided by 11.
8
Calculate the remainder when 234 is divided by 14.
10
Calculate the remainder when 5962 is divided by 117.
112
What is the remainder when 6007 is divided by 5?
2
What is the remainder when 1807 is divided by 10?
7
What is the remainder when 3773 is divided by 151?
149
Calculate the remainder when 8028 is divided by 573.
6
What is the remainder when 1545 is divided by 409?
318
What is the remainder when 36 is divided by 21?
15
Calculate the remainder when 10584 is divided by 18.
0
Calculate the remainder when 668 is divided by 15.
8
What is the remainder when 8 is divided by 3?
2
Calculate the remainder when 497 is divided by 27.
11
Calculate the remainder when 241 is divided by 3.
1
Calculate the remainder when 193 is divided by 14.
11
Calculate the remainder when 606 is divided by 10.
6
Calculate the remainder when 1365 is divided by 24.
21
What is the remainder when 3875 is divided by 57?
56
What is the remainder when 9407 is divided by 16?
15
Calculate the remainder when 164 is divided by 58.
48
Calculate the remainder when 25 is divided by 19.
6
Calculate the remainder when 172 is divided by 111.
61
Calculate the remainder when 1554 is divided by 96.
18
Calculate the remainder when 573 is divided by 18.
15
What is the remainder when 1025 is divided by 4?
1
Calculate the remainder when 411 is divided by 142.
127
Calculate the remainder when 4444 is divided by 69.
28
Calculate the remainder when 86 is divided by 4.
2
What is the remainder when 655 is divided by 226?
203
What is the remainder when 31 is divided by 2?
1
What is the remainder when 219 is divided by 10?
9
What is the remainder when 23571 is divided by 71?
70
What is the remainder when 709 is divided by 30?
19
Calculate the remainder when 101 is divided by 52.
49
What is the remainder when 15407 is divided by 115?
112
What is the remainder when 438 is divided by 56?
46
What is the remainder when 204 is divided by 30?
24
Calculate the remainder when 203 is divided by 13.
8
Calculate the remainder when 27 is divided by 16.
11
What is the remainder when 76 is divided by 40?
36
Calculate the remainder when 101 is divided by 32.
5
What is the remainder when 169 is divided by 88?
81
What is the remainder when 1553 is divided by 25?
3
What is the remainder when 213 is divided by 39?
18
Calculate the remainder when 127 is divided by 31.
3
Calculate the remainder when 563 is divided by 94.
93
Calculate the remainder when 299 is divided by 25.
24
Calculate the remainder when 1284 is divided by 1259.
25
What is the remainder when 724 is divided by 129?
79
What is the remainder when 211 is divided by 72?
67
Calculate the remainder when 106 is divided by 85.
21
What is the remainder when 672 is divided by 12?
0
What is the remainder when 158 is divided by 53?
52
Calculate the remainder when 102 is divided by 47.
8
What is the remainder when 67 is divided by 7?
4
What is the remainder when 895 is divided by 65?
50
What is the remainder when 1726 is divided by 73?
47
What is the remainder when 619 is divided by 49?
31
Calculate the remainder when 41932 is divided by 87.
85
Calculate the remainder when 419 is divided by 53.
48
What is the remainder when 47 is divided by 12?
11
Calculate the remainder when 1329 is divided by 17.
3
What is the remainder when 8851 is divided by 23?
19
What is the remainder when 291 is divided by 73?
72
Calculate the remainder when 51512 is divided by 231.
230
Calculate the remainder when 168 is divided by 85.
83
What is the remainder when 20097 is divided by 20?
17
What is the remainder when 187 is divided by 38?
35
What is the remainder when 137 is divided by 71?
66
What is the remainder when 2720 is divided by 31?
23
What is the remainder when 741 is divided by 53?
52
Calculate the remainder when 1410 is divided by 157.
154
Calculate the remainder when 1600 is divided by 107.
102
Calculate the remainder when 36 is divided by 8.
4
Calculate the remainder when 1100 is divided by 38.
36
What is the remainder when 133 is divided by 60?
13
Calculate the remainder when 3475 is divided by 315.
10
What is the remainder when 711 is divided by 8?
7
Calculate the remainder when 706 is divided by 89.
83
Calculate the remainder when 4892 is divided by 34.
30
Calculate the remainder when 146 is divided by 25.
21
Calculate the remainder when 409 is divided by 65.
19
Calculate the remainder when 1816 is divided by 32.
24
What is the remainder when 469 is divided by 119?
112
Calculate the remainder when 322 is divided by 75.
22
Calculate the remainder when 232 is divided by 59.
55
Calculate the remainder when 277 is divided by 224.
53
Calculate the remainder when 794 is divided by 43.
20
Calculate the remainder when 98 is divided by 44.
10
What is the remainder when 136 is divided by 42?
10
What is the remainder when 49 is divided by 18?
13
What is the remainder when 753 is divided by 109?
99
What is the remainder when 180 is divided by 28?
12
Calculate the remainder when 1418 is divided by 181.
151
Calculate the remainder when 1062 is divided by 110.
72
Calculate the remainder when 1324 is divided by 35.
29
Calculate the remainder when 663 is divided by 18.
15
Calculate the remainder when 23 is divided by 13.
10
What is the remainder when 171 is divided by 11?
6
Calculate the remainder when 44 is divided by 6.
2
What is the remainder when 520 is divided by 61?
32
What is the remainder when 16876 is divided by 8?
4
Calculate the remainder when 302 is divided by 52.
42
Calculate the remainder when 100 is divided by 21.
16
What is the remainder when 2249 is divided by 18?
17
Calculate the remainder when 236 is divided by 216.
20
What is the remainder when 1535 is divided by 19?
15
What is the remainder when 26 is divided by 10?
6
Calculate the remainder when 188 is divided by 129.
59
What is the remainder when 340 is divided by 52?
28
What is the remainder when 555 is divided by 14?
9
Calculate the remainder when 841 is divided by 335.
171
What is the remainder when 296 is divided by 11?
10
Calculate the remainder when 199 is divided by 36.
19
Calculate the remainder when 275 is divided by 46.
45
Calculate the remainder when 709 is divided by 128.
69
Calculate the remainder when 241 is divided by 11.
10
What is the remainder when 1119 is divided by 140?
139
What is the remainder when 5005 is divided by 1668?
1
What is the remainder when 1614 is divided by 108?
102
Calculate the remainder when 7696 is divided by 18.
10
What is the remainder when 77 is divided by 71?
6
Calculate the remainder when 480 is divided by 98.
88
What is the remainder when 317 is divided by 301?
16
Calculate the remainder when 2017 is divided by 43.
39
What is the remainder when 221 is divided by 74?
73
What is the remainder when 128 is divided by 27?
20
Calculate the remainder when 86 is divided by 63.
23
What is the remainder when 376 is divided by 4?
0
Calculate the remainder when 39 is divided by 14.
11
What is the remainder when 42 is divided by 20?
2
What is the remainder when 134 is divided by 24?
14
What is the remainder when 144 is divided by 35?
4
Calculate the remainder when 3989 is divided by 13.
11
Calculate the remainder when 322 is divided by 35.
7
Calculate the remainder when 1482 is divided by 99.
96
Calculate the remainder when 727 is divided by 52.
51
What is the remainder when 24749 is divided by 275?
274
What is the remainder when 1676 is divided by 38?
4
Calculate the remainder when 266 is divided by 91.
84
Calculate the remainder when 491 is divided by 12.
11
What is the remainder when 227 is divided by 82?
63
What is the remainder when 57 is divided by 10?
7
What is the remainder when 62 is divided by 3?
2
What is the remainder when 150 is divided by 7?
3
Calculate the remainder when 2887 is divided by 223.
211
Calculate the remainder when 1266 is divided by 321.
303
Calculate the remainder when 125 